+ 2356. Is x prime?
False
Let u(w) = -38*w + 5 - 28 + w**3 - 20*w**2 - 41*w + 80*w. Let z be u(20). Is (-1)/(-3) - 1436/z a composite number?
False
Let b(x) = -113*x + 161. Suppose -5*u - 86 = r, -4 = -5*r + 16. Is b(u) prime?
False
Suppose 1924 = -2*v - 2404. Let c = v + 1394. Let x = c - -1559. Is x prime?
False
Suppose -56*m = a - 60*m - 12891, 5*m = 2*a - 25776. Is a composite?
True
Let i(g) = 0*g**3 - 3*g**3 + 10*g**2 + 2*g**2 + 9 + 2*g**3 - 11*g. Let f be i(11). Suppose 4*p - 636 = a, 4*a - 795 = 4*p - f*p. Is p a composite number?
True
Let p = -154306 + 443279. Is p composite?
False
Let o be (-1 - 9/(-27)) + (-38114)/(-3). Suppose -63495 + o = -13*k. Is k prime?
True
Suppose 5949 = u + 5*q - 103815, -4*u = 2*q - 439146. Is u a composite number?
False
Let w(p) be the second derivative of 23/6*p**3 + 0 - 3/10*p**5 + 22*p + 2/3*p**4 + 5/2*p**2. Is w(-6) a prime number?
True
Let y(v) = v**2 - 5*v - 40. Let o be y(-4). Let m(h) = 262*h**2 - 23*h - 13. Is m(o) prime?
True
Suppose -7*a + 55743 = -3*c - 3*a, 4*a = -4*c - 74296. Let j = -10314 - c. Is j a prime number?
True
Is 11828672/320 - 4/(-10) prime?
False
Let g(r) = -15699*r**3 - r**2 - 4*r - 5. Is g(-2) prime?
True
Let r = -22462 - -38875. Is r composite?
True
Let j be (-9)/(-9)*(4 + -2). Suppose 5*z - 34492 = -4*s, -z = -0*s + j*s - 17246. Is s composite?
False
Let g(t) = -t - 39. Let c be g(-37). Is c*1/(-7) + (-361950)/(-266) a prime number?
True
Suppose j - 5*j = -3*p - 20302, -j - p + 5079 = 0. Is j a prime number?
True
Suppose -5*q = -7*q + 72. Suppose 48 - 72 = -4*f. Is 58940/q - f/27 a composite number?
False
Suppose -2*r - 2 = -3*r. Let f be -4*(7/r - 4). Suppose f*x = 0, -2*o + 0*o + 3*x = -2908. Is o prime?
False
Let f = -19 - -19. Suppose f = -q - 2 + 6. Suppose -q*n + 720 - 188 = 0. Is n a prime number?
False
Suppose 5*s + 2*a + 36164 = 0, -5*s + 5*a = -7*s - 14453. Let v = 2065 - s. Is v a prime number?
False
Is (130509150/(-300))/((-2)/4) a prime number?
False
Let v(u) = -160 - 4165*u - 1 + 1324*u - 1874*u - 3728*u. Is v(-6) a prime number?
True
Suppose 5*s + 4085 = 2*q - 36712, 3*s + 24479 = q. Suppose -12198 = -k - 4*m, -20560 - 16056 = -3*k - m. Let u = s + k. Is u a prime number?
False
Let t = -271 - -271. Suppose -3*d + t*p + 27996 = 3*p, 5*d = -2*p + 46675. Is d composite?
False
Suppose 4*z = 20, 13*z + 20865 = 5*s + 9*z. Suppose 5792 = k - s. Is k prime?
False
Let r = 38477 + 197760. Is r a prime number?
False
Let j = 328 + -328. Suppose -13*k + 9*k + 11892 = j. Is k a prime number?
False
Suppose b + 3*f - 3 + 10 = 0, 2*f = -4*b - 18. Let r be ((-12)/(-18))/(b/(-1002)). Suppose 2*z - r = -33. Is z a prime number?
True
Let u = 200957 + 11222. Is u a prime number?
False
Let b(x) = -4483*x + 1017. Is b(-22) a composite number?
False
Let l be (-32)/(-224) + 5178/14. Let h = 1508 - l. Is h a prime number?
False
Let d = 23282 - -3477. Is d a prime number?
True
Suppose -4*n + 0 + 12 = 0. Suppose 5*a = n*t - 231, -3*a - t - 136 = 11. Is (a/72)/((-4)/5502) a prime number?
False
Let m(a) be the second derivative of a**5/20 - 5*a**4/12 - 2*a**3/3 - 14*a**2 - 22*a. Let d be m(-11). Let j = d + 4381. Is j prime?
False
Let c be (-44)/(-6) + 11/(-33). Suppose -5*l - 23720 = -5*w, -w + c*l = 4*l - 4734. Is w composite?
True
Let z(g) = g**2 + g - 1. Let x(o) = 521*o**2 + 7*o - 6. Let s(r) = x(r) - 6*z(r). Let i(y) = -y**2 - 45*y - 297. Let d be i(-37). Is s(d) prime?
False
Let b(w) = -5603*w - 30. Let q be b(-2). Suppose p - q - 7118 = -d, d = -5. Is p a composite number?
True
Suppose -f - 6*f = -21. Let p be (f/(-6))/(1/(-4)). Suppose p*n + 2*w = -2*n + 458, -580 = -5*n - 5*w. Is n a prime number?
True
Let v(s) = 3*s - 37. Let g be v(14). Suppose g*m - 30 = -m. Suppose -m*b - b = -4926. Is b a prime number?
True
Let f = 162 - 177. Is 2/4*(-36030)/f composite?
False
Suppose 2*x = -j + 1148603, 495*x - 5743150 = -5*j + 500*x. Is j prime?
True
Let c be (8 + -2)*85/15. Suppose 4*n + c = 2*y, -y - n + 3 - 1 = 0. Suppose u + 1602 = y*u. Is u composite?
True
Let w(v) = 2*v + 2603. Let s(i) = -3*i**2 + 18*i - 12. Let d be s(5). Let b be (3 - 3)/((-3)/d). Is w(b) a prime number?
False
Suppose 983406 + 49779 = 15*n. Is n composite?
False
Let h = -41 - -47. Let o be ((-21)/h - -3)/1*-12466. Suppose -j = 4*i - 5574 - o, -4*j - 11832 = -4*i. Is i prime?
True
Let a be 40/12 - 4/(-6). Let f be -2*(2172/(-8) - a). Suppose f + 328 = 3*r. Is r a composite number?
False
Let f be (192 - -2)/(-2) - 9/(-9). Let l = f - -100. Suppose 0 = -3*a + 15, 0 = -l*o - 2*a - 2*a + 6192. Is o composite?
False
Let c(o) = 72*o + 439. Is c(55) a composite number?
True
Suppose -27*h = -19*h - 238864. Let v = h - 20619. Is v a prime number?
True
Let w be 205/25 - (-12)/15. Suppose 16*c - 21 = w*c. Suppose c*o + 635 = 4*o. Is o a composite number?
True
Suppose -209026 - 120749 = -113*a + 38*a. Is a a composite number?
False
Let l = 320 + -706. Let g = l - -811. Let j = 844 - g. Is j a prime number?
True
Let q be 98080/140 - (-4)/(56/6). Let z = 10968 - q. Is z a composite number?
False
Let g(h) = 2165*h + 32. Let q(z) = 2170*z + 32. Let u(m) = 3*g(m) - 4*q(m). Is u(-1) a prime number?
True
Let i be 84635 + (-15 - -9)*2/3. Suppose 36*r - 9293 - i = 0. Is r prime?
True
Let b be 6/63 + (-671)/(-231) + 1. Suppose b*z = 16333 + 3975. Is z a composite number?
False
Let p = 25 - 6. Let g(j) = 669*j - 63. Let w be g(2). Suppose 4*t = p*t - w. Is t a prime number?
False
Suppose -5952 = -0*x + 4*x. Let y = -703 - x. Is y composite?
True
Suppose c - 4*a = -c - 55392, 3*a = 5*c + 138515. Let b = c - -104355. Is b a prime number?
True
Let u = -15 - 23. Let p = 41 + u. Suppose p*l - 3453 = -0*l. Is l prime?
True
Suppose -6*x + 1507 = -4*x - 24087. Is x prime?
False
Suppose 2*c - 10 = 0, -2*f + 586012 = -3*c - 438615. Is f a prime number?
True
Let n(c) = 2144*c + 197. Let m be n(6). Suppose 9*y = m + 62710. Is y a composite number?
False
Let g(v) = v**2 - 2*v + 2. Let m be g(0). Let w be 1*(-1)/(-2)*(13 + -11). Is (4 - w) + (-5832)/(-3) + m composite?
False
Let o(n) = -20*n + 14215*n**2 + 1091*n**2 + 42*n - 13 - 10. Is o(1) a prime number?
False
Let w = 6981 + -852. Suppose -f - 2*b + w = 0, 7*b = 3*f + 4*b - 18432. Is f a composite number?
True
Let s(z) = 1970*z**3 + 4*z**2 + 2*z - 45. Is s(4) a composite number?
False
Let r = 112271 + -42372. Is r a prime number?
True
Suppose 1 + 15 = 4*y. Suppose -7*f = 3*d - y*f - 576, -3*d = -5*f - 592. Let n = 29 + d. Is n a prime number?
True
Let b(a) = 369*a**2 + 39*a + 5. Let i = 88 + -82. Is b(i) composite?
False
Let y = 542 - 540. Let v(j) = 4996*j + 15. Is v(y) a prime number?
True
Suppose 3*t - 3 = 5*v, 0 = 3*t - 0*v - 3*v - 3. Suppose -2*n - 18 = 3*s, 5*n = 2*s - t - 6. Let h(k) = -38*k + 11. Is h(s) a prime number?
True
Let s(p) = 99*p - 49. Let c be s(7). Suppose c*z - 652*z = -3160. Is z composite?
True
Let p(q) = 2*q**3 + 9*q**2 - 14*q + 5. Let b be (0 + 69)*(-2)/(-6) - -2. Suppose 5*k = 5*n - b, 4*n + 2*k = -0 + 26. Is p(n) a prime number?
True
Suppose 2*v - 2*c = -0*v + 323576, 4*v = -3*c + 647103. Is v prime?
False
Let f(n) = 2*n**2 - 2*n**2 + n**2 - 2*n**2 - 4*n**3. Let m be f(-1). Suppose 2*r + r - 1788 = m*v, -3*r = -4*v - 1791. Is r prime?
True
Suppose -t - 912 = -3*k, 0*k - k - 2 = 0. Let u = -539 - t. Suppose -22*y = -23*y + u. Is y composite?
False
Is ((-10 - -19) + -6)*2516339/21 a prime number?
True
Let a = 678403 + 1613836. Is a prime?
True
Let m(g) = 348*g + 183. Let n be m(18). Let p = n + -2810. Is p composite?
False
Let s(c) = 54*c**3 + 24*c**2 + 4*c + 63. Is s(15) prime?
False
Let g(k) = 54*k + 29. Suppose 14*l - 28*l + 42 = 0. Is g(l) a composite number?
False
Suppose -5*g + 449314 = 138459. Is g a composite number?
False
Let b = -351 - -348. Is ((-12)/(-27)*b)/((-30)/85545) prime?
False
Let s be 5*4/10 + 61. Let j = -76 + s. Is (4/(-26))/1 - 9765/j prime?
True
Let k(f) = -f**3 + 30*f**2 - 53*f + 43. Suppose 4*p + 2*y - 125 + 13 = 0, -4*y + 28 = p. Is k(p) a prime number?
True
Let f = 1571816 - 704665. Is f a prime number?
True
Suppose 0 = -10*a + 8*a - 112. Let p = 60 + a. Suppose 5*o + 809 = -v + 3328, 10076 = p*v + 2*o. Is v a composite number?
True
Is (12/(-15))/((-4)/447970) + -126 + 123 a composite number?
False
Let o(s) = 31323*s**2 + 9*s - 22. Let f be 